 3*g. Suppose s = 2*j - 7 + 3. Suppose -5*c + j*c + 54 = 0. What is the tens digit of c?
1
Suppose j + 5*j = -66. Let z(g) = g - 1. Let b be z(j). What is the units digit of (-322)/b - 2/(-12)?
7
What is the hundreds digit of (219/(-9))/(753/126 - 6)?
0
Suppose 46*q + 5524 = 47*q. What is the thousands digit of q?
5
Let w = 3569 + -542. What is the units digit of w?
7
Let j = 2019 - 1423. What is the hundreds digit of j?
5
Let w(y) = -6*y + 453. What is the units digit of w(41)?
7
Let s(w) = -w**2 - 3*w + 144. Let g be s(0). Suppose 2*l - 4*l = 3*y - 66, 3*y + g = 5*l. What is the tens digit of l?
3
Let h(f) = -f**3 - 34*f**2 - 128*f + 28. What is the thousands digit of h(-33)?
3
Suppose 293 + 1251 = 2*v. Suppose i = 3*h - 598, -4*h - 7*i + v = -2*i. What is the units digit of h?
8
Let i(w) = 3*w**3 - 38*w**2 - 22*w + 97. What is the thousands digit of i(17)?
3
Let b(h) = -h + 17. Suppose -5*c - 217 = -112. What is the tens digit of b(c)?
3
What is the tens digit of 2270/(-20)*(5 + -3)*-8?
1
Suppose -4 = 4*q, -f + 0*q = -4*q + 40. What is the units digit of f/(-8) - 5/10?
5
Suppose 3*d = -3*t + d + 2130, t - 5*d - 710 = 0. Let b = t + -481. What is the units digit of b?
9
Let f be 1/3 - 14/(-3). Let r = f + -1. Suppose 0 = -5*t + 10, r*t - 223 = -5*p - 0*p. What is the units digit of p?
3
Let l = 9881 - 5700. What is the hundreds digit of l?
1
Suppose 0 = -26*v + 49349 - 6293. What is the hundreds digit of v?
6
Let w = -6 + 2. Let k(m) be the first derivative of 2*m**3/3 + 5*m**2/2 - m + 48. What is the tens digit of k(w)?
1
What is the hundreds digit of 1 + (985 - (-2 + 4 + -6))?
9
Let o be -554*2/16*-4. Suppose -20 = r - 5*r. Suppose 0*v + r*t = v - 71, -t + o = 5*v. What is the units digit of v?
6
Let o = 0 + 3. Suppose f = -o*m + 168, 5*m - 4*f = 318 - 21. What is the tens digit of m?
5
Let u = 15 - 13. Let h be 2 + (4 + u)/(-3). Suppose 2*o - 5*o + 57 = h. What is the units digit of o?
9
Let x = 252 - -270. What is the tens digit of ((-1)/2)/((-2089)/x - -4)?
6
Suppose 3*s = -3*i + 12 + 6, 5*s - 22 = -3*i. Let b be ((-12)/15)/(i/(-10)). Let y = b + 17. What is the units digit of y?
9
Let m = 50 - 20. What is the tens digit of 2/(-12) + 1265/m?
4
Let s = -45 - -51. Suppose -s*m + 795 = 99. What is the hundreds digit of m?
1
Suppose -b - 319 + 20 = -2*r, 745 = 5*r - 3*b. Suppose -4*f - r = -6*f. Suppose z + f = 2*z + 3*s, 0 = 2*z + 2*s - 140. What is the tens digit of z?
6
What is the units digit of 643*5/(5 + 0)?
3
Suppose -2*l + 582 = -5*v, 0 = -4*l - 5*v + 229 + 965. What is the units digit of 1*7/(28/l)?
4
Suppose 3*t = 4*f + 281, 0*t - 2*t - 5*f + 218 = 0. Suppose -5*a = -2*a - t. Suppose 0 = -5*s + a + 117. What is the units digit of s?
0
Let w(v) = v**3 - 37*v**2 - 114*v - 4. What is the tens digit of w(40)?
3
Suppose 17*d - 12*d + 5*g - 2125 = 0, 0 = 2*d + 3*g - 854. What is the units digit of d?
1
Let r(y) = -y**3 + y**2 + y. Let q(s) = -5*s**3 + 16*s**2 - 4*s - 9. Let h(a) = q(a) - 4*r(a). What is the tens digit of h(10)?
1
Let f = -873 + 4727. What is the hundreds digit of f?
8
Suppose 8114 = 11*q + 2317. What is the hundreds digit of q?
5
Let c = -3049 + 5035. What is the thousands digit of c?
1
Suppose 0 = 3*u + 3*f - 372, -4*f - 64 - 55 = -u. What is the units digit of u?
3
Let t = -879 + 1542. What is the units digit of 1/(-3)*(27/3 - t)?
8
Suppose 0*z - z - 1 = 0. Let m(k) = -3*k**3 - k. Let b be m(z). What is the units digit of b/(-10) + 144/10?
4
Let p(t) be the first derivative of 1 - 33/2*t**2 - 6*t. What is the tens digit of p(-2)?
6
Let v be 0 + 3/((-4)/(-4)). Suppose v*t + 181 = 5*l, -5*t + 56 + 73 = 3*l. What is the tens digit of l?
3
Suppose 2 = -g, -y - 2*y + 329 = -4*g. Suppose 4*k = y - 7. What is the units digit of k?
5
Let z(c) = c**3 - 2*c - 7. Let n be z(3). Let f(t) = t**2 - 7*t - 49. What is the units digit of f(n)?
9
Suppose 0 = -3*g + k + 687, 0 = -k - 2*k + 9. What is the units digit of g?
0
Let k = 10 + -8. Suppose -4*t + t - 5*w + 185 = 0, 3*t + k*w = 200. Suppose -v - v + t = 0. What is the tens digit of v?
3
Let f(k) = -k**2 + 11*k - 7. Let r be f(4). Let m = 20 - r. What is the units digit of 1/((-300)/305 - m)?
1
Let v(y) be the second derivative of -y**5/20 + 11*y**4/12 - 11*y**3/6 + 9*y**2/2 - 6*y. Let k be v(10). What is the tens digit of 1*k*(-24 - -5)?
1
What is the hundreds digit of -22 + 13 + 13 + (-3668)/(-2)?
8
Suppose 0*a - 4*a = 5*d + 8, -5*d = -2*a - 4. What is the units digit of (-20 + 19)/(a/98)?
9
Suppose 4*r - 3*r = 0. Let w(t) = -7*t - 1 - 8 - 2 + r. What is the units digit of w(-7)?
8
Let o = 55 + 97. Let c = 306 - o. What is the hundreds digit of c?
1
Suppose 0 = -29*q - 8*q + 172864. What is the thousands digit of q?
4
Let v(i) = i**3 - 6*i**2 - i + 2. Let g be v(5). Let x = 44 + g. What is the units digit of x?
6
Let z = 68 - 46. What is the units digit of (-62)/z + 3 - (-3228)/33?
8
Let u = -43 + 41. What is the tens digit of 1085/14 - (-1)/u?
7
Let n(j) = 4 - 99*j - 1 + 94*j. What is the units digit of n(-7)?
8
Let y = 707 - 413. What is the units digit of y?
4
Suppose 158*i = 187*i - 21634. What is the units digit of i?
6
Suppose -4*x + 428 = 3*w, w + 3*w + 16 = 0. Suppose 2*y = 5*t + 40, 4*t - x = -3*y - t. What is the units digit of y?
0
Let a = -279 + 298. What is the units digit of a?
9
What is the thousands digit of 2/(-3) + 83704/24 + 7?
3
Suppose 1633 - 5763 = -10*n. What is the tens digit of n?
1
Let v(r) = 7*r - 5. Let k be (3/(-2))/((-1)/2). What is the tens digit of v(k)?
1
What is the tens digit of -4 + 1 + 3 + 77?
7
Let i(o) = 3*o**2 + 43*o - 51. Let f(c) = -c**2 - 14*c + 17. Let n(s) = 7*f(s) + 2*i(s). Let h = 6 + -18. What is the tens digit of n(h)?
1
Let t(n) = n**2 + 6*n - 5. Let w be t(-5). Suppose 2*h + 4*m = 5*h + 31, m - 9 = h. Let d = h - w. What is the units digit of d?
5
Let f(h) = -3*h - 14. Let t be f(-7). Let o(c) = 1 - c**2 + 1 - t*c**2 + 4*c - c**3. What is the units digit of o(-9)?
7
Let t(r) be the third derivative of -r**6/120 + 13*r**5/60 - 29*r**4/24 + 5*r**3/2 + r**2. What is the units digit of t(10)?
5
Let z be (-81)/(-2) - 24/(-16). Suppose -5*b + 232 = z. What is the units digit of b?
8
Suppose -2378 = 12*g - 41*g. Let m(h) = -35*h**2 + h. Let b be m(-1). Let c = g + b. What is the units digit of c?
6
Let q(w) = 3*w + 48. Let c(t) = t + 16. Let n(v) = -7*c(v) + 2*q(v). Let p be n(-15). Let m(f) = -32*f**3 - f**2 - 2*f - 1. What is the tens digit of m(p)?
3
Suppose -5*r + 4*r = -2*b + 2, -2*r + b = 16. Suppose -t + 39 - 84 = 0. What is the units digit of t/(-6)*(-48)/r?
6
Suppose -3*j = 3*p - 1311, p - 447 = -11*j + 15*j. What is the units digit of p?
9
Suppose -11 = -3*z + 2*z - 2*o, 3*o = 2*z - 1. Let k = z - 4. What is the units digit of 606/9 + k/(-3)?
7
Suppose -2*g = 2*k - 5*g - 85, 3*k = -g + 111. Suppose 5*h - k = 102. Let i = h - 17. What is the tens digit of i?
1
Suppose 57*i - 58*i + 137 = 0. What is the units digit of i?
7
Suppose 4*w - 219 = -y + 207, 0 = 5*y + 3*w - 2181. What is the tens digit of y?
3
Let p be (-2)/1 + 13 - -1. Let x be (-364)/(-4)*p/14. Suppose 5*j = 2*j + x. What is the units digit of j?
6
Suppose 0 = -23*s + 30*s - 2366. What is the units digit of s?
8
Let o = 248 - 494. What is the hundreds digit of ((18/(-12))/3)/(1/o)?
1
Suppose 5*m - 138 = 4*q, 4*q - 162 = -3*m - 2*m. Suppose -504 = -32*h + m*h. What is the units digit of h?
2
Let z = -18 - -22. Suppose z*c - 31 = k - 10, -2*k = -2*c + 12. Suppose 0*g + 60 = c*g. What is the tens digit of g?
1
Suppose 0 = p + i + 2*i, -3*p + 22 = -2*i. What is the tens digit of ((-111)/p + 1)*-2?
3
Let x be (-2 + (-15)/(-6))*0. Suppose x = q + 2*f - f + 3, -3*f - 17 = -q. Suppose 0*t = -4*l + t + 65, 10 = q*l + 4*t. What is the units digit of l?
5
Suppose -4*j + 12321 = -m, -4*m = -2*m - 6. What is the tens digit of j?
8
Let p(f) be the second derivative of -11*f**3/6 - 7*f**2/2 - 7*f. What is the tens digit of p(-4)?
3
Let z = 74 - 70. Suppose -z*r + y + 96 = 2*y, -4*r - 2*y = -92. What is the units digit of r?
5
Let z = -194 - -588. What is the tens digit of z?
9
Let f(t) = 21 - 10 + 7 + 8*t + 8*t - t**2. What is the units digit of f(13)?
7
Suppose -66405 = -11*d - 5212. What is the units digit of d?
3
Let n = -24 - -28. Suppose -n*v + 352 = -40. What is the t